{"id":181,"date":"2021-06-23T14:07:23","date_gmt":"2021-06-23T14:07:23","guid":{"rendered":"https:\/\/www.mrg-associes.fr\/?page_id=181"},"modified":"2023-09-26T10:00:55","modified_gmt":"2023-09-26T10:00:55","slug":"nous-contacter","status":"publish","type":"page","link":"https:\/\/www.mrg-associes.fr\/?page_id=181","title":{"rendered":"Nous contacter"},"content":{"rendered":"\t\t<div data-elementor-type=\"wp-page\" data-elementor-id=\"181\" class=\"elementor elementor-181\">\n\t\t\t\t\t\t\t\t\t<section class=\"elementor-section elementor-top-section elementor-element elementor-element-4aabb26 elementor-section-boxed elementor-section-height-default elementor-section-height-default\" data-id=\"4aabb26\" data-element_type=\"section\">\n\t\t\t\t\t\t<div class=\"elementor-container elementor-column-gap-default\">\n\t\t\t\t\t<div class=\"elementor-column elementor-col-100 elementor-top-column elementor-element elementor-element-0444a0d\" data-id=\"0444a0d\" data-element_type=\"column\">\n\t\t\t<div class=\"elementor-widget-wrap elementor-element-populated\">\n\t\t\t\t\t\t\t\t<div class=\"elementor-element elementor-element-791eac6 elementor-widget elementor-widget-spacer\" data-id=\"791eac6\" data-element_type=\"widget\" data-widget_type=\"spacer.default\">\n\t\t\t\t<div class=\"elementor-widget-container\">\n\t\t\t\t\t<div class=\"elementor-spacer\">\n\t\t\t<div class=\"elementor-spacer-inner\"><\/div>\n\t\t<\/div>\n\t\t\t\t<\/div>\n\t\t\t\t<\/div>\n\t\t\t\t\t<\/div>\n\t\t<\/div>\n\t\t\t\t\t\t\t<\/div>\n\t\t<\/section>\n\t\t\t\t<section class=\"elementor-section elementor-top-section elementor-element elementor-element-aa27dfa elementor-section-boxed elementor-section-height-default elementor-section-height-default\" data-id=\"aa27dfa\" data-element_type=\"section\">\n\t\t\t\t\t\t<div class=\"elementor-container elementor-column-gap-default\">\n\t\t\t\t\t<div class=\"elementor-column elementor-col-100 elementor-top-column elementor-element elementor-element-f344884\" data-id=\"f344884\" data-element_type=\"column\">\n\t\t\t<div class=\"elementor-widget-wrap elementor-element-populated\">\n\t\t\t\t\t\t\t\t<div class=\"elementor-element elementor-element-c9f54d2 elementor-widget elementor-widget-heading\" data-id=\"c9f54d2\" data-element_type=\"widget\" data-widget_type=\"heading.default\">\n\t\t\t\t<div class=\"elementor-widget-container\">\n\t\t\t<h2 class=\"elementor-heading-title elementor-size-default\">Pour nous contacter<\/h2>\t\t<\/div>\n\t\t\t\t<\/div>\n\t\t\t\t\t<\/div>\n\t\t<\/div>\n\t\t\t\t\t\t\t<\/div>\n\t\t<\/section>\n\t\t\t\t<section class=\"elementor-section elementor-top-section elementor-element elementor-element-faf4ab3 elementor-section-boxed elementor-section-height-default elementor-section-height-default\" data-id=\"faf4ab3\" data-element_type=\"section\">\n\t\t\t\t\t\t<div class=\"elementor-container elementor-column-gap-default\">\n\t\t\t\t\t<div class=\"elementor-column elementor-col-100 elementor-top-column elementor-element elementor-element-5aa9048\" data-id=\"5aa9048\" data-element_type=\"column\">\n\t\t\t<div class=\"elementor-widget-wrap elementor-element-populated\">\n\t\t\t\t\t\t\t\t<div class=\"elementor-element elementor-element-7ddb8db elementor-widget elementor-widget-spacer\" data-id=\"7ddb8db\" data-element_type=\"widget\" data-widget_type=\"spacer.default\">\n\t\t\t\t<div class=\"elementor-widget-container\">\n\t\t\t\t\t<div class=\"elementor-spacer\">\n\t\t\t<div class=\"elementor-spacer-inner\"><\/div>\n\t\t<\/div>\n\t\t\t\t<\/div>\n\t\t\t\t<\/div>\n\t\t\t\t\t<\/div>\n\t\t<\/div>\n\t\t\t\t\t\t\t<\/div>\n\t\t<\/section>\n\t\t\t\t<section class=\"elementor-section elementor-top-section elementor-element elementor-element-9af05c6 elementor-section-boxed elementor-section-height-default elementor-section-height-default\" data-id=\"9af05c6\" data-element_type=\"section\">\n\t\t\t\t\t\t<div class=\"elementor-container elementor-column-gap-default\">\n\t\t\t\t\t<div class=\"elementor-column elementor-col-100 elementor-top-column elementor-element elementor-element-c61eef2\" data-id=\"c61eef2\" data-element_type=\"column\">\n\t\t\t<div class=\"elementor-widget-wrap elementor-element-populated\">\n\t\t\t\t\t\t\t\t<div class=\"elementor-element elementor-element-4d8cfa2 elementor-widget elementor-widget-text-editor\" data-id=\"4d8cfa2\" data-element_type=\"widget\" data-widget_type=\"text-editor.default\">\n\t\t\t\t<div class=\"elementor-widget-container\">\n\t\t\t\t\t\t\t<p>Notre adresse\u00a0: 80 route de Noailleux, 69270 CAILLOUX SUR FONTAINES<\/p><p>Nos horaires d\u2019ouverture : 9h-12h\/ 14h\u201418h du lundi au vendredi, ou sur rdv<\/p><p>Vous pouvez contacter :<\/p><p>R\u00e9mi MARGAIN : 06 60 53 30 85<\/p><p>Caroline PRIEUR : 06 59 58 67 72<\/p><p>Notre adresse mail\u00a0: <a href=\"mailto:contact@mrg-associes.fr\">contact@mrg-associes.fr<\/a><\/p>\t\t\t\t\t\t<\/div>\n\t\t\t\t<\/div>\n\t\t\t\t\t<\/div>\n\t\t<\/div>\n\t\t\t\t\t\t\t<\/div>\n\t\t<\/section>\n\t\t\t\t<section class=\"elementor-section elementor-top-section elementor-element elementor-element-046ede2 elementor-section-boxed elementor-section-height-default elementor-section-height-default\" data-id=\"046ede2\" data-element_type=\"section\">\n\t\t\t\t\t\t<div class=\"elementor-container elementor-column-gap-default\">\n\t\t\t\t\t<div class=\"elementor-column elementor-col-100 elementor-top-column elementor-element elementor-element-93ce345\" data-id=\"93ce345\" data-element_type=\"column\">\n\t\t\t<div class=\"elementor-widget-wrap elementor-element-populated\">\n\t\t\t\t\t\t\t\t<div class=\"elementor-element elementor-element-7684cdc elementor-widget-divider--view-line elementor-widget elementor-widget-divider\" data-id=\"7684cdc\" data-element_type=\"widget\" data-widget_type=\"divider.default\">\n\t\t\t\t<div class=\"elementor-widget-container\">\n\t\t\t\t\t<div class=\"elementor-divider\">\n\t\t\t<span class=\"elementor-divider-separator\">\n\t\t\t\t\t\t<\/span>\n\t\t<\/div>\n\t\t\t\t<\/div>\n\t\t\t\t<\/div>\n\t\t\t\t\t<\/div>\n\t\t<\/div>\n\t\t\t\t\t\t\t<\/div>\n\t\t<\/section>\n\t\t\t\t<section class=\"elementor-section elementor-top-section elementor-element elementor-element-49af395 elementor-section-boxed elementor-section-height-default elementor-section-height-default\" data-id=\"49af395\" data-element_type=\"section\">\n\t\t\t\t\t\t<div class=\"elementor-container elementor-column-gap-default\">\n\t\t\t\t\t<div class=\"elementor-column elementor-col-100 elementor-top-column elementor-element elementor-element-b9d6d50\" data-id=\"b9d6d50\" data-element_type=\"column\">\n\t\t\t<div class=\"elementor-widget-wrap elementor-element-populated\">\n\t\t\t\t\t\t\t\t<div class=\"elementor-element elementor-element-67f4132 elementor-widget elementor-widget-text-editor\" data-id=\"67f4132\" data-element_type=\"widget\" data-widget_type=\"text-editor.default\">\n\t\t\t\t<div class=\"elementor-widget-container\">\n\t\t\t\t\t\t\t<p><strong><span style=\"text-decoration: underline;\">Retrouvez-nous sur :<\/span><\/strong><\/p>\t\t\t\t\t\t<\/div>\n\t\t\t\t<\/div>\n\t\t\t\t\t<\/div>\n\t\t<\/div>\n\t\t\t\t\t\t\t<\/div>\n\t\t<\/section>\n\t\t\t\t<section class=\"elementor-section elementor-top-section elementor-element elementor-element-4bf8720 elementor-section-boxed elementor-section-height-default elementor-section-height-default\" data-id=\"4bf8720\" data-element_type=\"section\">\n\t\t\t\t\t\t<div class=\"elementor-container elementor-column-gap-default\">\n\t\t\t\t\t<div class=\"elementor-column elementor-col-33 elementor-top-column elementor-element elementor-element-599ce85\" data-id=\"599ce85\" data-element_type=\"column\">\n\t\t\t<div class=\"elementor-widget-wrap elementor-element-populated\">\n\t\t\t\t\t\t\t\t<div class=\"elementor-element elementor-element-6c3beee elementor-view-default elementor-widget elementor-widget-icon\" data-id=\"6c3beee\" data-element_type=\"widget\" data-widget_type=\"icon.default\">\n\t\t\t\t<div class=\"elementor-widget-container\">\n\t\t\t\t\t<div class=\"elementor-icon-wrapper\">\n\t\t\t<a class=\"elementor-icon\" href=\"https:\/\/www.facebook.com\/MRG-Associ%C3%A9s-504161746399240\/\">\n\t\t\t<i aria-hidden=\"true\" class=\"fab fa-facebook-f\"><\/i>\t\t\t<\/a>\n\t\t<\/div>\n\t\t\t\t<\/div>\n\t\t\t\t<\/div>\n\t\t\t\t\t<\/div>\n\t\t<\/div>\n\t\t\t\t<div class=\"elementor-column elementor-col-33 elementor-top-column elementor-element elementor-element-f50b55c\" data-id=\"f50b55c\" data-element_type=\"column\">\n\t\t\t<div class=\"elementor-widget-wrap elementor-element-populated\">\n\t\t\t\t\t\t\t\t<div class=\"elementor-element elementor-element-eabaf7d elementor-view-default elementor-widget elementor-widget-icon\" data-id=\"eabaf7d\" data-element_type=\"widget\" data-widget_type=\"icon.default\">\n\t\t\t\t<div class=\"elementor-widget-container\">\n\t\t\t\t\t<div class=\"elementor-icon-wrapper\">\n\t\t\t<a class=\"elementor-icon\" href=\"https:\/\/www.instagram.com\/mrg_associes\/\">\n\t\t\t<i aria-hidden=\"true\" class=\"fab fa-instagram\"><\/i>\t\t\t<\/a>\n\t\t<\/div>\n\t\t\t\t<\/div>\n\t\t\t\t<\/div>\n\t\t\t\t\t<\/div>\n\t\t<\/div>\n\t\t\t\t<div class=\"elementor-column elementor-col-33 elementor-top-column elementor-element elementor-element-cfaf5d2\" data-id=\"cfaf5d2\" data-element_type=\"column\">\n\t\t\t<div class=\"elementor-widget-wrap elementor-element-populated\">\n\t\t\t\t\t\t\t\t<div class=\"elementor-element elementor-element-e7acfe6 elementor-view-default elementor-widget elementor-widget-icon\" data-id=\"e7acfe6\" data-element_type=\"widget\" data-widget_type=\"icon.default\">\n\t\t\t\t<div class=\"elementor-widget-container\">\n\t\t\t\t\t<div class=\"elementor-icon-wrapper\">\n\t\t\t<a class=\"elementor-icon\" href=\"https:\/\/www.linkedin.com\/company\/mrg-&#038;-associ%C3%A9s\/\">\n\t\t\t<i aria-hidden=\"true\" class=\"fab fa-linkedin-in\"><\/i>\t\t\t<\/a>\n\t\t<\/div>\n\t\t\t\t<\/div>\n\t\t\t\t<\/div>\n\t\t\t\t\t<\/div>\n\t\t<\/div>\n\t\t\t\t\t\t\t<\/div>\n\t\t<\/section>\n\t\t\t\t<section class=\"elementor-section elementor-top-section elementor-element elementor-element-bdf2f7c elementor-section-boxed elementor-section-height-default elementor-section-height-default\" data-id=\"bdf2f7c\" data-element_type=\"section\">\n\t\t\t\t\t\t<div class=\"elementor-container elementor-column-gap-default\">\n\t\t\t\t\t<div class=\"elementor-column elementor-col-100 elementor-top-column elementor-element elementor-element-3c23190\" data-id=\"3c23190\" data-element_type=\"column\">\n\t\t\t<div class=\"elementor-widget-wrap elementor-element-populated\">\n\t\t\t\t\t\t\t\t<div class=\"elementor-element elementor-element-d1dd0ee elementor-widget elementor-widget-spacer\" data-id=\"d1dd0ee\" data-element_type=\"widget\" data-widget_type=\"spacer.default\">\n\t\t\t\t<div class=\"elementor-widget-container\">\n\t\t\t\t\t<div class=\"elementor-spacer\">\n\t\t\t<div class=\"elementor-spacer-inner\"><\/div>\n\t\t<\/div>\n\t\t\t\t<\/div>\n\t\t\t\t<\/div>\n\t\t\t\t\t<\/div>\n\t\t<\/div>\n\t\t\t\t\t\t\t<\/div>\n\t\t<\/section>\n\t\t\t\t\t\t\t<\/div>\n\t\t","protected":false},"excerpt":{"rendered":"<p>Pour nous contacter Notre adresse\u00a0: 80 route de Noailleux, 69270 CAILLOUX SUR FONTAINES Nos horaires d\u2019ouverture : 9h-12h\/ 14h\u201418h du lundi au vendredi, ou sur rdv Vous pouvez contacter : R\u00e9mi MARGAIN : 06 60 53 30 85 Caroline PRIEUR : 06 59 58 67 72 Notre adresse mail\u00a0: contact@mrg-associes.fr Retrouvez-nous sur :<\/p>\n","protected":false},"author":1,"featured_media":0,"parent":0,"menu_order":8,"comment_status":"closed","ping_status":"closed","template":"","meta":{"ngg_post_thumbnail":0,"footnotes":""},"class_list":["post-181","page","type-page","status-publish","hentry"],"yoast_head":"<!-- This site is optimized with the Yoast SEO plugin v21.2 - https:\/\/yoast.com\/wordpress\/plugins\/seo\/ -->\n<title>Nous contacter - MRG &amp; Associ\u00e9s - Architecture &amp; Ma\u00eetrise d&#039;oeuvre<\/title>\n<meta name=\"description\" content=\"Nous sommes disponibles pour \u00e9changer sur votre projet. N&#039;h\u00e9sitez pas \u00e0 nous contacter par email ou t\u00e9l\u00e9phone.\" \/>\n<meta name=\"robots\" content=\"index, follow, max-snippet:-1, max-image-preview:large, max-video-preview:-1\" \/>\n<link rel=\"canonical\" href=\"https:\/\/www.mrg-associes.fr\/?page_id=181\" \/>\n<meta property=\"og:locale\" content=\"fr_FR\" \/>\n<meta property=\"og:type\" content=\"article\" \/>\n<meta property=\"og:title\" content=\"Nous contacter - MRG &amp; Associ\u00e9s - Architecture &amp; Ma\u00eetrise d&#039;oeuvre\" \/>\n<meta property=\"og:description\" content=\"Nous sommes disponibles pour \u00e9changer sur votre projet. N&#039;h\u00e9sitez pas \u00e0 nous contacter par email ou t\u00e9l\u00e9phone.\" \/>\n<meta property=\"og:url\" content=\"https:\/\/www.mrg-associes.fr\/?page_id=181\" \/>\n<meta property=\"article:modified_time\" content=\"2023-09-26T10:00:55+00:00\" \/>\n<meta name=\"twitter:card\" content=\"summary_large_image\" \/>\n<meta name=\"twitter:label1\" content=\"Dur\u00e9e de lecture estim\u00e9e\" \/>\n\t<meta name=\"twitter:data1\" content=\"1 minute\" \/>\n<script type=\"application\/ld+json\" class=\"yoast-schema-graph\">{\"@context\":\"https:\/\/schema.org\",\"@graph\":[{\"@type\":\"WebPage\",\"@id\":\"https:\/\/www.mrg-associes.fr\/?page_id=181\",\"url\":\"https:\/\/www.mrg-associes.fr\/?page_id=181\",\"name\":\"Nous contacter - MRG & Associ\u00e9s - Architecture & Ma\u00eetrise d'oeuvre\",\"isPartOf\":{\"@id\":\"https:\/\/www.mrg-associes.fr\/#website\"},\"datePublished\":\"2021-06-23T14:07:23+00:00\",\"dateModified\":\"2023-09-26T10:00:55+00:00\",\"description\":\"Nous sommes disponibles pour \u00e9changer sur votre projet. N'h\u00e9sitez pas \u00e0 nous contacter par email ou t\u00e9l\u00e9phone.\",\"breadcrumb\":{\"@id\":\"https:\/\/www.mrg-associes.fr\/?page_id=181#breadcrumb\"},\"inLanguage\":\"fr-FR\",\"potentialAction\":[{\"@type\":\"ReadAction\",\"target\":[\"https:\/\/www.mrg-associes.fr\/?page_id=181\"]}]},{\"@type\":\"BreadcrumbList\",\"@id\":\"https:\/\/www.mrg-associes.fr\/?page_id=181#breadcrumb\",\"itemListElement\":[{\"@type\":\"ListItem\",\"position\":1,\"name\":\"Accueil\",\"item\":\"https:\/\/www.mrg-associes.fr\/\"},{\"@type\":\"ListItem\",\"position\":2,\"name\":\"Nous contacter\"}]},{\"@type\":\"WebSite\",\"@id\":\"https:\/\/www.mrg-associes.fr\/#website\",\"url\":\"https:\/\/www.mrg-associes.fr\/\",\"name\":\"\",\"description\":\"MRG &amp; associ\u00e9s - ma\u00eetrise d&#039;oeuvre\",\"potentialAction\":[{\"@type\":\"SearchAction\",\"target\":{\"@type\":\"EntryPoint\",\"urlTemplate\":\"https:\/\/www.mrg-associes.fr\/?s={search_term_string}\"},\"query-input\":\"required name=search_term_string\"}],\"inLanguage\":\"fr-FR\"}]}<\/script>\n<!-- \/ Yoast SEO plugin. -->","yoast_head_json":{"title":"Nous contacter - MRG & Associ\u00e9s - Architecture & Ma\u00eetrise d'oeuvre","description":"Nous sommes disponibles pour \u00e9changer sur votre projet. N'h\u00e9sitez pas \u00e0 nous contacter par email ou t\u00e9l\u00e9phone.","robots":{"index":"index","follow":"follow","max-snippet":"max-snippet:-1","max-image-preview":"max-image-preview:large","max-video-preview":"max-video-preview:-1"},"canonical":"https:\/\/www.mrg-associes.fr\/?page_id=181","og_locale":"fr_FR","og_type":"article","og_title":"Nous contacter - MRG & Associ\u00e9s - Architecture & Ma\u00eetrise d'oeuvre","og_description":"Nous sommes disponibles pour \u00e9changer sur votre projet. N'h\u00e9sitez pas \u00e0 nous contacter par email ou t\u00e9l\u00e9phone.","og_url":"https:\/\/www.mrg-associes.fr\/?page_id=181","article_modified_time":"2023-09-26T10:00:55+00:00","twitter_card":"summary_large_image","twitter_misc":{"Dur\u00e9e de lecture estim\u00e9e":"1 minute"},"schema":{"@context":"https:\/\/schema.org","@graph":[{"@type":"WebPage","@id":"https:\/\/www.mrg-associes.fr\/?page_id=181","url":"https:\/\/www.mrg-associes.fr\/?page_id=181","name":"Nous contacter - MRG & Associ\u00e9s - Architecture & Ma\u00eetrise d'oeuvre","isPartOf":{"@id":"https:\/\/www.mrg-associes.fr\/#website"},"datePublished":"2021-06-23T14:07:23+00:00","dateModified":"2023-09-26T10:00:55+00:00","description":"Nous sommes disponibles pour \u00e9changer sur votre projet. N'h\u00e9sitez pas \u00e0 nous contacter par email ou t\u00e9l\u00e9phone.","breadcrumb":{"@id":"https:\/\/www.mrg-associes.fr\/?page_id=181#breadcrumb"},"inLanguage":"fr-FR","potentialAction":[{"@type":"ReadAction","target":["https:\/\/www.mrg-associes.fr\/?page_id=181"]}]},{"@type":"BreadcrumbList","@id":"https:\/\/www.mrg-associes.fr\/?page_id=181#breadcrumb","itemListElement":[{"@type":"ListItem","position":1,"name":"Accueil","item":"https:\/\/www.mrg-associes.fr\/"},{"@type":"ListItem","position":2,"name":"Nous contacter"}]},{"@type":"WebSite","@id":"https:\/\/www.mrg-associes.fr\/#website","url":"https:\/\/www.mrg-associes.fr\/","name":"","description":"MRG &amp; associ\u00e9s - ma\u00eetrise d&#039;oeuvre","potentialAction":[{"@type":"SearchAction","target":{"@type":"EntryPoint","urlTemplate":"https:\/\/www.mrg-associes.fr\/?s={search_term_string}"},"query-input":"required name=search_term_string"}],"inLanguage":"fr-FR"}]}},"_links":{"self":[{"href":"https:\/\/www.mrg-associes.fr\/index.php?rest_route=\/wp\/v2\/pages\/181","targetHints":{"allow":["GET"]}}],"collection":[{"href":"https:\/\/www.mrg-associes.fr\/index.php?rest_route=\/wp\/v2\/pages"}],"about":[{"href":"https:\/\/www.mrg-associes.fr\/index.php?rest_route=\/wp\/v2\/types\/page"}],"author":[{"embeddable":true,"href":"https:\/\/www.mrg-associes.fr\/index.php?rest_route=\/wp\/v2\/users\/1"}],"replies":[{"embeddable":true,"href":"https:\/\/www.mrg-associes.fr\/index.php?rest_route=%2Fwp%2Fv2%2Fcomments&post=181"}],"version-history":[{"count":59,"href":"https:\/\/www.mrg-associes.fr\/index.php?rest_route=\/wp\/v2\/pages\/181\/revisions"}],"predecessor-version":[{"id":4045,"href":"https:\/\/www.mrg-associes.fr\/index.php?rest_route=\/wp\/v2\/pages\/181\/revisions\/4045"}],"wp:attachment":[{"href":"https:\/\/www.mrg-associes.fr\/index.php?rest_route=%2Fwp%2Fv2%2Fmedia&parent=181"}],"curies":[{"name":"wp","href":"https:\/\/api.w.org\/{rel}","templated":true}]}}